r of 13 and 143.
13
Calculate the greatest common factor of 30 and 150.
30
What is the greatest common divisor of 71 and 1?
1
Calculate the highest common divisor of 392 and 424.
8
What is the greatest common divisor of 2 and 694?
2
What is the highest common factor of 375 and 15?
15
What is the highest common factor of 8744 and 8?
8
What is the greatest common factor of 9 and 132?
3
Calculate the highest common divisor of 407 and 11.
11
Calculate the highest common divisor of 715 and 520.
65
Calculate the greatest common divisor of 296 and 2997.
37
What is the greatest common factor of 48 and 261?
3
What is the greatest common divisor of 18 and 23478?
6
What is the highest common divisor of 8 and 10552?
8
What is the highest common factor of 7 and 35?
7
Calculate the highest common divisor of 54 and 1998.
54
What is the greatest common divisor of 267 and 445?
89
Calculate the highest common divisor of 172 and 215.
43
What is the greatest common factor of 34 and 2159?
17
What is the greatest common factor of 257 and 12079?
257
What is the highest common factor of 264 and 2970?
66
Calculate the greatest common divisor of 7752 and 12.
12
What is the highest common divisor of 868 and 196?
28
What is the greatest common divisor of 4 and 4244?
4
Calculate the highest common factor of 25 and 1600.
25
Calculate the greatest common divisor of 456 and 494.
38
What is the highest common divisor of 1376 and 86?
86
What is the greatest common divisor of 23 and 1702?
23
Calculate the greatest common divisor of 154 and 4858.
14
What is the highest common divisor of 378 and 350?
14
What is the greatest common factor of 42 and 1134?
42
What is the highest common divisor of 1 and 101?
1
What is the greatest common divisor of 1035 and 15?
15
Calculate the highest common divisor of 48 and 8304.
48
What is the greatest common factor of 3751 and 62?
31
Calculate the highest common factor of 1932 and 168.
84
What is the greatest common divisor of 23 and 46?
23
Calculate the highest common factor of 220 and 385.
55
What is the highest common factor of 62 and 158?
2
What is the highest common factor of 16452 and 36?
36
What is the greatest common factor of 1475 and 575?
25
What is the greatest common divisor of 1 and 83?
1
What is the highest common factor of 6578 and 22?
22
What is the highest common factor of 13 and 169?
13
Calculate the greatest common divisor of 2086 and 224.
14
Calculate the greatest common factor of 1258 and 102.
34
Calculate the highest common divisor of 155 and 115.
5
What is the highest common divisor of 50 and 725?
25
What is the highest common factor of 1537 and 53?
53
Calculate the greatest common divisor of 30 and 4650.
30
Calculate the highest common divisor of 18 and 33012.
18
What is the greatest common divisor of 37 and 23236?
37
Calculate the greatest common factor of 20 and 55.
5
Calculate the highest common divisor of 76 and 4.
4
Calculate the greatest common divisor of 3912 and 24.
24
What is the highest common divisor of 667 and 253?
23
What is the greatest common divisor of 230 and 92?
46
Calculate the greatest common divisor of 14 and 11578.
14
Calculate the greatest common factor of 24 and 37176.
24
Calculate the greatest common divisor of 56 and 28.
28
Calculate the greatest common divisor of 208 and 65.
13
Calculate the greatest common divisor of 592 and 37.
37
Calculate the highest common divisor of 507 and 39.
39
What is the greatest common divisor of 154 and 1936?
22
What is the greatest common factor of 88 and 572?
44
What is the greatest common divisor of 858 and 312?
78
Calculate the greatest common divisor of 210 and 9380.
70
Calculate the greatest common factor of 18511 and 214.
107
What is the highest common divisor of 6486 and 2538?
282
Calculate the greatest common factor of 40 and 1310.
10
Calculate the greatest common factor of 123 and 943.
41
Calculate the greatest common factor of 11 and 11.
11
What is the highest common factor of 13495 and 5?
5
Calculate the highest common factor of 462 and 12.
6
Calculate the highest common divisor of 90 and 1386.
18
Calculate the greatest common factor of 15424 and 64.
64
What is the highest common divisor of 4 and 76?
4
What is the highest common divisor of 144 and 128?
16
What is the highest common divisor of 3 and 23?
1
What is the highest common factor of 7 and 511?
7
Calculate the highest common factor of 15 and 2085.
15
What is the highest common factor of 63 and 18?
9
What is the highest common divisor of 165 and 209?
11
What is the highest common divisor of 61 and 976?
61
What is the greatest common factor of 5017 and 116?
29
What is the highest common factor of 322 and 230?
46
What is the greatest common divisor of 265 and 106?
53
Calculate the greatest common factor of 185 and 27010.
185
Calculate the highest common factor of 75 and 51.
3
What is the highest common divisor of 8 and 15464?
8
What is the greatest common divisor of 145 and 232?
29
What is the greatest common factor of 658 and 1778?
14
What is the highest common factor of 2773 and 59?
59
Calculate the highest common divisor of 1207 and 497.
71
What is the highest common divisor of 5934 and 759?
69
What is the highest common factor of 2100 and 4515?
105
What is the highest common factor of 1 and 229?
1
Calculate the greatest common factor of 371 and 2014.
53
Calculate the highest common factor of 185 and 1184.
37
Calculate the greatest common divisor of 174 and 116.
58
What is the highest common divisor of 3460 and 60?
20
What is the highest common divisor of 43 and 3?
1
What is the greatest common divisor of 1993 and 1?
1
Calculate the highest common factor of 824 and 1545.
103
What is the greatest common factor of 6 and 14?
2
Calculate the highest common factor of 435 and 55.
5
What is the greatest common factor of 22 and 649?
11
Calculate the greatest common divisor of 730 and 30.
10
Calculate the greatest common divisor of 531 and 3.
3
What is the greatest common divisor of 9 and 63?
9
What is the greatest common factor of 3102 and 528?
66
Calculate the greatest common factor of 900 and 95.
5
What is the greatest common divisor of 42 and 112?
14
What is the highest common factor of 2091 and 51?
51
Calculate the greatest common divisor of 18 and 3.
3
Calculate the highest common divisor of 265 and 318.
53
What is the greatest common divisor of 19000 and 8?
8
Calculate the greatest common factor of 66 and 286.
22
Calculate the highest common divisor of 16 and 144.
16
What is the highest common factor of 1020 and 135?
15
Calculate the highest common divisor of 282 and 2397.
141
Calculate the highest common divisor of 158 and 10981.
79
Calculate the highest common divisor of 81 and 135.
27
What is the highest common factor of 23 and 299?
23
What is the highest common factor of 7 and 287?
7
What is the greatest common factor of 2944 and 23?
23
Calculate the greatest common factor of 21 and 15.
3
What is the greatest common factor of 30 and 530?
10
Calculate the highest common divisor of 459 and 6579.
153
Calculate the greatest common factor of 377 and 481.
13
Calculate the highest common divisor of 224 and 84.
28
What is the highest common divisor of 5214 and 132?
66
Calculate the highest common factor of 375 and 75.
75
What is the greatest common factor of 88 and 1408?
88
What is the highest common divisor of 28 and 564?
4
What is the greatest common divisor of 3024 and 18?
18
What is the greatest common divisor of 15 and 12595?
5
Calculate the highest common factor of 15 and 900.
15
Calculate the greatest common divisor of 2 and 54.
2
Calculate the greatest common divisor of 275 and 11.
11
Calculate the greatest common factor of 656 and 287.
41
What is the greatest common factor of 33 and 33?
33
Calculate the greatest common factor of 111170 and 10.
10
Calculate the highest common factor of 238 and 34.
34
Calculate the greatest common factor of 1331 and 363.
121
What is the highest common factor of 316 and 2449?
79
Calculate the greatest common divisor of 451 and 33.
11
What is the highest common divisor of 583 and 106?
53
Calculate the greatest common divisor of 5271 and 502.
251
Calculate the highest common divisor of 13 and 1469.
13
What is the greatest common divisor of 2493 and 9?
9
Calcula